t are the prime factors of (6 + 2)*-1 + 340?
2, 83
Suppose -9*s - 8057 = -16*s. List the prime factors of s.
1151
Suppose -o + 16 = -1. List the prime factors of o.
17
Let x = -255 - -407. What are the prime factors of x?
2, 19
Suppose 4*y = -20, y = 4*i + 31 - 0. What are the prime factors of (-6)/i*15 + 2?
2, 3
Let p(u) = u**3 - 17*u**2 + 80*u + 40. List the prime factors of p(19).
2, 7, 163
Let k(o) = 222*o**2 - 11*o + 13. What are the prime factors of k(2)?
3, 293
Let w be 3 + -2*(-3)/3. Suppose 2*c + c - 2*f - 2 = 0, 5*c - 20 = -w*f. List the prime factors of c - -9*2/3.
2
Suppose -4 - 50 = -f. Let c = f + -44. List the prime factors of c.
2, 5
Let r(w) = w**2 + 2*w + 1. Suppose 3*p + 3*i + 18 = 0, -3*p + 2*p + i - 4 = 0. List the prime factors of r(p).
2
Let s be 5 + ((2*-8)/2)/2. List the prime factors of -2*((-1055)/10 - s).
3, 71
Let b = -1 - -3. Suppose -b*q + 1 + 11 = 0. Suppose t + 2*k = -1, q*k = 3*k - 6. What are the prime factors of t?
3
Let m(x) = 27*x + 2. Let o be 4*2*(-1)/(-2). List the prime factors of m(o).
2, 5, 11
Suppose 16*p = -40*p + 103544. List the prime factors of p.
43
Let d(g) = -g**3 - 5*g**2 + 7*g - 6. Let c be d(-6). Let z be 9*(-4)/(16/c). Suppose 3*u + 76 = 4*o, -73 = -5*o + 5*u + z. What are the prime factors of o?
2
Let r = -52 + 11. Let a = -27 - r. Suppose -u + a = -20. List the prime factors of u.
2, 17
Suppose 0 = 6*t - 5*t. Suppose -7*x + 9*x - 128 = t. List the prime factors of x.
2
Suppose -4*u + 1732 = 4*n - 2*u, -4*n + 1742 = -3*u. What are the prime factors of n?
2, 7, 31
Let b(w) = 8*w**2 - 17*w + 8. What are the prime factors of b(7)?
281
Suppose 0*x - 40 = -5*x + 2*f, -x = 5*f + 19. Let k(h) = -2*h + 14. Let s be k(x). Suppose -y + 3 = -s. List the prime factors of y.
5
Let f = 106 + -47. Suppose 13 = -4*m - f. What are the prime factors of 43 + (m/3 - -4)?
41
List the prime factors of 1/(-6) - 634294/(-276).
2, 3, 383
Suppose s - 3275 = 1195. Suppose 24 - s = -18*o. List the prime factors of o.
13, 19
Let l = -31 + 32. List the prime factors of -1 + (l + 65)/3.
3, 7
Let t(f) = 3*f**2 + 9*f + 9. Let z be t(-6). Suppose z + 17 = -4*h. Let b = 27 + h. What are the prime factors of b?
7
Suppose -2*y + y + 5*j = -24, 12 = y - 2*j. Suppose -12*p + 464 = -y*p. What are the prime factors of p?
2, 29
Let h(a) = a**3 - 18*a**2 - 3*a + 1. Let u be h(18). Let t = -4 - u. List the prime factors of t.
7
Suppose 10*c - 43*c + 104808 = 0. What are the prime factors of c?
2, 397
Let t be -5 + 16/4 + 1. Let b(s) = 2*s + 31. What are the prime factors of b(t)?
31
Let f(j) = -3*j + 2*j**2 - j**2 + 4*j - 2. Let k = 12 - 7. What are the prime factors of f(k)?
2, 7
Suppose -3*b + 2195 = 5*p, 614 = 2*b - 5*p - 841. List the prime factors of b.
2, 5, 73
Let k be (50/(-15))/2*24. Let b = 49 + k. List the prime factors of b.
3
Let d = 34 - 35. List the prime factors of (-12582)/(-126) - d/7.
2, 5
Suppose -160 = 13*o - 15*o. Let z = 39 + o. List the prime factors of z.
7, 17
Let f = 8 - 20. Let r be -9*((-40)/f - 1). List the prime factors of (-434)/r + (-2)/(-6).
3, 7
Suppose 32*o + 9922 = 43*o. List the prime factors of o.
2, 11, 41
List the prime factors of 52/(-26) + (-3742 - 1)/(-1).
3, 29, 43
Let u(a) = 4*a + 2. Let z(v) = 5*v + 1. Let j be z(1). List the prime factors of u(j).
2, 13
Suppose 20402 = 5*f + 5*a - 7*a, -2*f = a - 8168. What are the prime factors of f?
2, 13, 157
Let i(p) = 70*p**2 - 2*p + 1. Let b be i(2). Let c = b + -149. List the prime factors of c.
2
Let o be (5 - 7)*(-7 + 2). Suppose 0 = -o*l + 5*l - 160. List the prime factors of 915/24 + 4/l.
2, 19
Suppose -14*t = 15*t - 35032. List the prime factors of t.
2, 151
Suppose 6*o - 10215 = 4275. List the prime factors of o.
3, 5, 7, 23
Let g be -1*(1 - 3) - -2. Suppose 0 = g*p - 9*p + 100. List the prime factors of ((-15)/p)/((-1)/4).
3
What are the prime factors of ((-376)/21 - (-42)/(-98))*-177?
5, 11, 59
Let r = -15 - -18. Let i(w) = w**r + 7*w**2 + 5 + 5*w - w - 4*w + 7*w. List the prime factors of i(-4).
5
Suppose j + 3*n = 248, -193 - 267 = -2*j + 3*n. Suppose -6*p + 10*p - j = 0. List the prime factors of p.
59
Let t = 486 - 146. List the prime factors of t.
2, 5, 17
Let o(q) be the first derivative of q**3/3 + 9*q**2/2 + 18*q + 20. List the prime factors of o(-13).
2, 5, 7
Suppose -9 - 11 = h. Let s = h - -8. List the prime factors of (-1 + 3)/((-4)/s).
2, 3
Suppose -2*v - 8926 = -4*l, l - 2521 = 5*v - 276. What are the prime factors of l?
2, 5, 223
Let s be ((-16)/(-3))/((-3)/18). Let c = -34 - s. What are the prime factors of -9*(c - 8/(-6))?
2, 3
Let t = -13 - -17. Suppose -b + 109 + 13 = -4*l, -5*b = t*l - 586. List the prime factors of b.
2, 59
Let o(c) = -22*c + 3. Suppose -5*y + 3 = 18. List the prime factors of o(y).
3, 23
Let f(g) = -192*g**3 - 2*g**2 + 2*g + 3. Let k be 50/(-20)*(-4)/(-10). List the prime factors of f(k).
191
Suppose -2*r - 22 = -42. What are the prime factors of -1 + 1304/r + (-99)/(-165)?
2, 5, 13
Suppose 5*d + 47 - 32 = 0. List the prime factors of d/(-5 + 4) + 92.
5, 19
Let t(w) = 4*w - 16. Let g be t(5). Suppose -g*j = l - 9, 3*l = -5*j - l + 14. Suppose n + 5 = j*n. List the prime factors of n.
5
Suppose 0 = -5*i + 5*j + 628 - 43, -i + 137 = -5*j. Let c = i - 10. What are the prime factors of c?
2, 3, 17
Let i(r) = -r**2 + 11*r - 17. Let n be i(7). Suppose 17*k = n*k + 816. What are the prime factors of k?
2, 17
Let m = 32 - 70. Suppose c = 3*b + 53, -2*c + 0*b = b - 127. Let h = c + m. What are the prime factors of h?
2, 3
Let p(a) = 10*a**2 - 42*a - 126. List the prime factors of p(-13).
2, 5, 211
Let o(b) = -14*b + 42. What are the prime factors of o(-6)?
2, 3, 7
Suppose -2*q - 4 + 19 = -c, -3*q + 19 = -5*c. Let m be (-16)/q - 2/(-1). Let w = 2 + m. What are the prime factors of w?
2
Let h(l) = -l**3 - 4*l**2 + 4*l - 4. Let b be h(-5). Suppose -5*i + 50 = 5*a - 205, b = i. What are the prime factors of a?
2, 5
Suppose 14 = -8*g - 114. Let l = 46 + g. What are the prime factors of l?
2, 3, 5
Suppose -12*r + 11282 + 11938 = 0. List the prime factors of r.
3, 5, 43
Let l be (3/(-5) + (-9)/(-15))/(-1). Suppose 0 = 4*h - 4, 3*k - 5*h + 36 - 202 = l. List the prime factors of k.
3, 19
Suppose -2*x - 12 = -0. Let w be (-3)/((x/2)/3). What are the prime factors of w + (1 - (-17 + -3))?
2, 3
Let n(c) = -c**3 - 3*c**2 - 2*c. Suppose -9 = 7*i - 4*i. List the prime factors of n(i).
2, 3
What are the prime factors of 1963 - -7*4/4?
2, 5, 197
Suppose 129 = 7*s - 4*s. Let m = s - 27. Let c(l) = l**3 - 17*l**2 + 18*l + 15. List the prime factors of c(m).
47
Let z(n) = n**3 - n**2 - 30. Let r = 9 + -9. Let m be z(r). What are the prime factors of ((-22)/55)/(1/m)?
2, 3
Let h be (-340)/(-2) - (-5)/(-5). Let q = -99 + h. What are the prime factors of q?
2, 5, 7
Let b(z) = -z**2 + 5*z - 2. Let v be b(3). Suppose 0*n + 4*n - 264 = v*a, -3*n - 2*a = -213. List the prime factors of 2/3*n/2.
23
Suppose -3*p - 2*p + 23 = 2*c, -2*p + 26 = 5*c. Let j(w) = -w**p - 5 + 3 + 9*w - 6*w**2 - 13*w. What are the prime factors of j(-6)?
2, 11
Suppose 0 = 254*w - 266*w + 2328. List the prime factors of w.
2, 97
Let p(d) = d. Let l(z) = -3*z + 1. Let x(v) = -l(v) - p(v). Let w be x(2). Suppose w*o + g - 68 = 0, 0 = -2*o + 4*g + 12 + 24. List the prime factors of o.
2, 11
Suppose 13*a = -a. Let q(o) = o - 2. Let w be q(-2). List the prime factors of (a - 10)*w/5.
2
Let m(a) = -14*a - 40. Let x be m(-3). Suppose 4*u = 10 - 2. Suppose 0 = -x*k + 5*w - 1, 2*w = u*k - 3 + 1. What are the prime factors of k?
2
Let y(h) = -223*h - 69. List the prime factors of y(-6).
3, 47
What are the prime factors of ((3 - 1) + 3)*1944/60?
2, 3
Let z be 445/3 - 8/(-12). Suppose -143 = -2*x + z. What are the prime factors of x?
2, 73
Suppose 7*l = 169 + 573. List the prime factors of l.
2, 53
Suppose -5*y = -10 - 0. List the prime factors of 74/((-5)/(-3) - y/3).
2, 37
Let c(n) = -n**3 - 13*n**2 + 13*n - 9. Let y be c(-14). Suppose 3*l = 5*q - 9, y*l = q + l - 12. Suppose -69 = -3*v - q. List the prime factors of v.
23
Let g(x) = -x - 1. Let o be g(1). Let q be (7/o)/(4/(-8)). List the prime factors of -50*(21/(-6))/q.
5
Suppose -25*x = -2*x - 11638. List the prime factors of x.
2, 11, 23
Suppose 2*a + i = 377, 3*i = -5*a - 2*i + 940. List the prime factors of